digit of 1/(1*(-2)/(-30))?
1
Let g be 4/(-8)*(-12 + 2). Suppose g*a - 163 = -3*r, -3*r + 146 = -3*a - 1. What is the units digit of r?
1
Suppose 4*q = 7*q + 78. Let w = q - -55. What is the tens digit of w?
2
Let q = 50 + 36. What is the units digit of q?
6
What is the units digit of 10*-21*((-348)/(-140) - 3)?
8
Suppose -2*f - 3*y + 3 = -1, 0 = -2*f + 3*y + 4. Let v be (0 - f)/(-6 - -5). Suppose -r = j - 15 + 5, -v*r = j - 25. What is the tens digit of r?
1
Let q = 251 + -36. What is the hundreds digit of q?
2
Let a(u) = u**2 + 10*u - 9. What is the units digit of a(3)?
0
Let c = 10 - 3. Let i(l) = 2*l + 3. Let j be i(c). Suppose 5*w - j = 4*z, 4 = 4*w - z - 3. What is the units digit of w?
1
Suppose 0 = 2*l - 91 - 1. What is the tens digit of l?
4
Let n be (-1 + (-3)/6)*-2. Suppose 0 = -n*m - l - 4*l + 23, 25 = 5*m - 5*l. What is the units digit of m?
6
Let q(c) = c**3 + 9*c**2 - c - 5. Let f be q(-9). Let k(j) be the third derivative of j**5/60 - 5*j**3/6 - j**2. What is the units digit of k(f)?
1
Suppose 52 = -15*z + 17*z. What is the units digit of z?
6
Let u be (-1 - 2) + 26 + 3. Suppose 5*j + m - u = 0, -3*j + 3 = 4*m + 1. Let q = -5 + j. What is the units digit of q?
1
Suppose -128 = g - 5*g. Suppose 0 = 3*w + k - 2 - g, -2*w + 4*k = -4. What is the tens digit of w?
1
Let g = 29 - 21. Let m = g - 3. Suppose b + s = 18, -m*b + s + 66 = -0*s. What is the units digit of b?
4
Let q(a) = a**3 + 10*a**2 + 9*a + 13. Let j be q(-9). Suppose 3*b = 2 + j. Let r = 0 + b. What is the units digit of r?
5
Let y be (-2)/(4/2 + -1). Let b = y - -1. Let a = b + 4. What is the units digit of a?
3
Let d(b) = -6*b**3 - 3*b**2 - b - 7. What is the tens digit of d(-3)?
3
Suppose -2*h + 6 = 0, -2*l - h - 15 = -4*h. Let a(s) = 3*s**2 - s. Let w be a(-1). Let b = w + l. What is the units digit of b?
1
Let y be -2 + 1 + 1 - 2. Let d = 10 + y. Suppose -h + d = 3*h. What is the units digit of h?
2
Let t be (-15)/(-2) + (-4)/8. Let j = t - 15. Let o(f) = f**2 + 7*f + 1. What is the units digit of o(j)?
9
Let n be (1 + 0)*14/(-2). Let j(y) be the first derivative of -y**4/4 - 2*y**3 + 5*y**2/2 - 3*y + 4. What is the tens digit of j(n)?
1
Let t be 0 - (-1 + 3 - 3). Suppose -t = 2*n - 3. What is the units digit of n?
1
Suppose -4*g + 2 = -3*y - 21, -5*g = 3*y + 5. Suppose 0*b - 3*b + 81 = 0. Suppose g*d + 0*u - 22 = 2*u, -b = -3*d + 5*u. What is the tens digit of d?
1
Let l(c) = -2*c**2 - 1. Let v be l(-1). Let m(i) = -i + 1. Let t be m(v). Suppose 0*h + h - t = 0. What is the units digit of h?
4
Let l(b) = -b**2 + b + 3. Let c(o) = -o + 1. Let a(f) = -c(f) - l(f). Let t be a(4). Suppose 0 = 5*m - 47 + t. What is the units digit of m?
7
Let y = 37 + -9. What is the tens digit of y?
2
What is the units digit of 14/(-2)*(-4)/4?
7
Suppose -2 - 3 = 5*k. Let p = k + 5. What is the units digit of p?
4
Let r(q) = q + 9. Let s be r(-7). What is the units digit of s - 33/(-3 + 0)?
3
Suppose -5*a + 117 = -2*a. What is the units digit of a?
9
Let h = 46 - 24. Suppose 6 + 18 = -4*q. Let n = h + q. What is the tens digit of n?
1
Suppose 4*z + 2*q - 82 = 0, 3*z - 68 - 6 = -4*q. Let l be (z/15)/((-4)/(-10)). Suppose -4*i = -l*y - 30, -i - 4*y = -4*i + 26. What is the units digit of i?
6
Let p be 6*(-1)/((-18)/15). Suppose 8*o - p*o - 111 = 0. What is the units digit of o?
7
Let y = -168 + 255. What is the tens digit of y?
8
Let o(b) = b + 6. Let l be o(-5). What is the units digit of 9*l - (-2)/(-2)?
8
Let k(d) = -55*d - 74. What is the hundreds digit of k(-8)?
3
Let l(f) = f**3 + 3*f**2 - 4*f - 4. Let y be l(-3). Let i be y*5 - (2 - 2). Suppose -8 = b - 2*b - 2*z, 0 = 5*b - z - i. What is the units digit of b?
8
Let j(x) = 8*x + 2. What is the units digit of j(14)?
4
Suppose 0 = b - 8 - 2. Let o = b + 1. What is the tens digit of o?
1
Suppose -l = 2*l + o - 131, 4*o = 5*l - 241. Let a = -32 + l. Let m = a - 6. What is the units digit of m?
7
Suppose 4*q = 3*k - 0 + 7, 2*k - 14 = -2*q. What is the units digit of q*(-1 - -3) + -3?
5
Suppose 3*u - 5*u + 6 = 0. Let n(a) = -a - 3. Let y be n(3). What is the units digit of (1 - 7)*u/y?
3
Let b(u) be the third derivative of 1/120*u**6 - 1/12*u**4 + 0*u - u**2 - 1/30*u**5 - 1/3*u**3 + 0. What is the units digit of b(3)?
1
Let n be 4*(-6 - -4 - -1). What is the tens digit of (n + 3)*(-42 + 1)?
4
Let i = -147 + 236. What is the tens digit of i?
8
Suppose -5*a - 72 = 3*x, 2*x + 30 + 18 = -4*a. Let o be x/14 - (-8)/(-28). What is the units digit of (-162)/(-15) + o/(-10)?
1
Suppose 0 = -2*g + 5*g + 2*l - 20, -3*g + 5*l = -13. Suppose -10*v = -g*v - 148. What is the tens digit of v?
3
Let q be (-1 - (2 + 0)) + 0. Let m(h) = -h - 1. Let f be m(-6). Let d = q + f. What is the units digit of d?
2
Let c(j) = 7*j + 27. What is the units digit of c(9)?
0
Suppose 7*t = 3*t + 12. Suppose t*f - 11 = 7. Let h = 14 - f. What is the units digit of h?
8
Let y be (-64)/3 + (-6)/9. What is the units digit of (-4)/12 + y/(-3)?
7
Let q be 3/(-2) + 3/(-6). Let m = q - -22. What is the tens digit of (-5)/10*m/(-1)?
1
Let m be ((-24)/(-10))/((-3)/(-10)). Let l = 21 - m. What is the units digit of l?
3
Let s(d) = d**3 + 6*d**2 + d + 6. Let j be s(-6). Suppose j - 11 = -n. What is the units digit of n?
1
Let r(u) = -u**3 - 6*u**2 - 5*u - 5. Let a be r(-4). Let k = a + 30. What is the units digit of k?
3
Let x be 22 + 1 + -2 + 3. Suppose h = -1 - 16. Let g = h + x. What is the units digit of g?
7
Let o(x) = -2*x**3 - x**2 - 4*x - 5. What is the units digit of o(-2)?
5
Let d = 19 + -10. What is the units digit of d?
9
Let h = -8 - -34. Let r = h - 17. What is the units digit of r?
9
Let r = -7 + 7. Suppose r = 4*g + g - 65. What is the tens digit of g?
1
Let c(q) = 2*q - 4. Let b be c(3). Suppose 3*o = -b*g + 10, -4*g + 4 = -3*o + g. Suppose d = 4, -d + 16 = o*v - 0*d. What is the units digit of v?
6
Suppose 5*c = 5*d + 20, -5*c + 0*c - 4*d + 47 = 0. What is the units digit of c?
7
Let k = -1 - -5. Suppose 5*p + 5*t - 45 = 0, t - 38 = -k*p - t. What is the units digit of (-38)/(-5) + 4/p?
8
Let l(m) = m**2 - 7*m + 2. Let g be l(8). Suppose 2*p - g = -0*p. Let n = 8 - p. What is the units digit of n?
3
Suppose -3*d - 2 = -5. What is the units digit of d?
1
Suppose q - 4 = -w + 36, -5*w + 221 = -2*q. What is the units digit of w?
3
Suppose -5*z - 5*l + 51 = 6, -2*l - 30 = -4*z. Let q(k) = k**2 - 3*k + 10. What is the units digit of q(z)?
0
Let d = 5 + 30. What is the units digit of d?
5
Suppose -13*u + 1464 + 18 = 0. What is the hundreds digit of u?
1
Let w be (98/6)/(8/24). Let u = w - 17. What is the tens digit of u?
3
Let v be (-28)/21*33/(-4). Suppose 5*m + 4*k + 19 = 45, 4*k - 20 = -4*m. What is the units digit of (v + m/(-3))*1?
9
Suppose -5*r + 229 = 2*n, 0 = 4*n - 0*r + 4*r - 440. What is the tens digit of n?
0
Suppose -15 = -3*r - 2*r. Suppose -r*v + 4*v + 11 = 2*a, -2*v - 18 = -3*a. What is the units digit of 10/30 - 11/v?
4
Let u(v) = -1. Let i(h) = h**2 + 2*h + 3. Let n(r) = i(r) + 3*u(r). What is the units digit of n(2)?
8
Suppose 42 = -b + 7*b. What is the units digit of b?
7
What is the units digit of 1*49 + 12/(-3)?
5
Suppose -4*b + 3*b = -7. What is the units digit of 20*b/((-70)/(-8))?
6
Suppose -4*v - 4*a + 40 = 0, 3*a = 2*v - v - 6. Suppose 3*o - v - 90 = 0. Suppose -b + 3*q = 3*b - o, -5*b + 3*q + 45 = 0. What is the tens digit of b?
1
What is the tens digit of ((-1)/(-1))/(17/918)?
5
Suppose -5*n + t = -442, -215 = -5*n - 2*t + 236. What is the units digit of n?
9
Let l(q) = -q**3 + 7*q**2 - 5*q - 5. Let y be l(6). Let h be y + (15 - (1 - -1)). Let j = h - 9. What is the units digit of j?
5
Suppose -59*r = -64*r + 215. What is the tens digit of r?
4
Suppose -4*c + 884 = -4*b, 6*b + 8 = 4*b. What is the tens digit of c?
1
Suppose -b - 2*o - 104 = 3*b, 0 = -4*b + 4*o - 92. Let n = -15 - b. What is the tens digit of n?
1
Suppose -6*y - 2*y = -112. What is the units digit of y?
4
Suppose 0 = -m - 3*u + 26 + 5, -5*m + 3*u = -227. What is the units digit of m?
3
Suppose 89 = 5*v - 3*q, 4*v + 5*q - 48 = 38. What is the tens digit of v?
1
Let i be ((-25)/(-4) + 0)*4. Let s = i - 53. What is the units digit of 34/8 - (-7)/s?
4
Suppose -3*v - 2*x = -2*v - 1, -4*v + 2*x = -14. What is the tens digit of 3 + v + -10 + 34?
3
Suppose 2*p + p = 0. Suppose -1